True
Suppose -2*p = 3*a - 7737 + 801, -p = 0. Let f = -1083 + a. Is f prime?
True
Suppose 35*l - 295636 = 1452999. Is l composite?
True
Let v = -64073 - -154817. Is v/36 - 1/(-3) composite?
False
Is 1129*((-534)/(-13) - 1/13) a prime number?
False
Let s = 7 - 12. Let r(t) be the third derivative of -t**4/4 + 2*t**3/3 - 293*t**2. Is r(s) a prime number?
False
Let p be -1 - ((-11 + 4 - -3) + 1). Is 835/(7 - (p - -4)) a composite number?
True
Let o be (((-1)/(-1))/1)/((-28)/18928). Let p = -45 - o. Is p prime?
True
Let f = -8955 + 30820. Is f composite?
True
Let q(i) be the third derivative of -i**6/120 + 7*i**5/60 - 3*i**4/8 + i**3/3 + 21*i**2. Let g be q(5). Suppose -5387 = -g*x - 1306. Is x a composite number?
True
Suppose -94*y - 7293273 = -133*y. Is y a composite number?
True
Suppose 20*q + 2864918 = 63*q. Is q/8 - 99/(-132) prime?
True
Let u = -290 + 305. Let d(s) = -32*s - 9. Let q(g) = 1. Let k(z) = -d(z) + 4*q(z). Is k(u) composite?
True
Let r = -136 - -132. Is (1065 - 0) + r + 0/(-3) prime?
True
Suppose -t + 5*i = -4170019, 4*t + i - 22955136 = -6275060. Is t composite?
True
Suppose -3*g - 39039 = -10*g. Suppose 3*d = 3*v - g, 2*d - 5261 = -5*v + 4027. Is v a composite number?
True
Suppose -7372 = 4*v + 4*w, 0 = -18*v + 13*v + 5*w - 9165. Is (2 + 6/(-4))*v/(-1) composite?
False
Let g(p) = -147*p**3 + 3*p**2 + 7*p + 5. Let c = 43 + -48. Let h be g(c). Is (6/(-5))/((-24)/h) prime?
False
Suppose -3*b + 111540 = 3*v, 3*v + 137*b - 111528 = 136*b. Is v a composite number?
True
Let i(s) = 24067*s - 2495. Is i(4) a composite number?
True
Let b = -5816 - -2384. Let l = -1723 - b. Is l a composite number?
False
Is 119/1666 + (-2072181)/(-14) prime?
True
Let a be (-10)/15 - 123/(-9). Suppose -2*h - 4*z = -10, 2*z = -3*h - a + 28. Suppose -h*p - 485 = -6300. Is p a composite number?
False
Let y = -84 - -87. Suppose -j - 2*j - y*q = -13872, j - 4636 = -5*q. Is j prime?
True
Let m be 31 + -2 + -7 + 3. Suppose 10*h - m = 5*h. Is 2/1*h/(70/889) prime?
True
Suppose 627411 - 69722 = 12*c - 547595. Is c a composite number?
False
Let a = 528386 + -111693. Is a prime?
True
Let w(b) = 5007*b**2 + 35*b - 159. Is w(-8) a prime number?
True
Let t(a) = -a**3 + 15*a**2 - 13*a - 23. Suppose 4*b - 38 - 3 = -3*r, -4*b - 2*r = -42. Let v be t(b). Is (4/6)/((-12)/v)*-3 prime?
True
Suppose -6*v = -8051 + 63647. Let m = -6225 - v. Is m a composite number?
False
Let v(z) = 10*z**2 - 54*z - 149. Is v(35) a prime number?
True
Let g(k) = 4 - 6 - 3*k + 2*k + 79*k**2. Let c be g(2). Suppose -c + 949 = 7*i. Is i a prime number?
False
Let k(o) be the second derivative of 31*o**5/20 + 3*o**4/4 - o**3/6 - 8*o**2 - 9*o - 8. Is k(6) prime?
False
Let v(t) = -t**3 - 2*t**2 - 2*t + 1. Let y be v(-2). Suppose 2*b + 5094 = -4*z, -3028 = y*z + 5*b + 3337. Let q = -865 - z. Is q a composite number?
False
Let m(w) = -24 - 440*w - 51 - 22. Is m(-13) composite?
False
Let r(b) = 2*b + 4. Let g be r(-7). Is (-13165)/g*(-3 + (9 - 4)) a prime number?
True
Let h be (3/4)/(59/6844). Let n = h + 316. Is n a prime number?
False
Suppose 57*p = -45*p + 6339042 - 2160204. Is p a composite number?
True
Let f(z) = 61*z + 23599. Is f(0) a prime number?
True
Suppose 3*y + 24165 = -7*h + 4*h, 5*h = y - 40287. Let t = h - -4283. Let j = 1189 - t. Is j composite?
True
Suppose -8 = j - 2*j - 5*r, 2*j - 16 = -2*r. Suppose -2015 = -j*t - 423. Suppose -5*z = 3*o - 0*z - 583, 0 = o + 4*z - t. Is o prime?
True
Suppose 32*g + 220734 - 4030654 = 0. Suppose 32*i + g = 52*i. Is i prime?
True
Suppose 219156 = 14*b - 7*b. Suppose 11*w - b = -w. Is w prime?
True
Let u(r) = -35*r**3 - r**2 + 1. Let n be u(1). Let m be (-4)/(-7) + 20/n. Suppose m = -7*g - 1380 + 28099. Is g a prime number?
False
Suppose r - 3*r + 10 = 4*z, 0 = -2*z + 4*r + 10. Suppose -z*h - 4*u = -3625, 5*u - 17 = 3. Is h composite?
True
Suppose 13*f + 9*f - 3532938 = -24*f. Is f a prime number?
False
Let z be 4/6*(-3060)/(-40). Let h = z + -48. Suppose -7365 = -h*c + 2349. Is c a composite number?
True
Let u be 0/(1/2*6). Let l(t) = u - 1757*t - 1 - 9. Is l(-3) a composite number?
False
Is (-2)/(-3) - ((-132689879)/295 + (-4)/30) prime?
True
Let z = -3283 + 18440. Suppose -4*h - 3*f + z = 0, -h - h = 5*f - 7589. Is h composite?
True
Suppose 0 = -3*y + 867 + 48. Suppose -7*s + 52 = -y. Is ((-12682)/s)/((-4)/6) a composite number?
False
Let m be -2*(52/24 + -2)*0. Let y be 1/2*m/2*1. Suppose y = -3*j + 4834 - 751. Is j a composite number?
False
Let n = 1191501 - 702244. Is n prime?
True
Suppose -61*p + 59*p + 52042 = 2*f, 5*f + 4*p = 130111. Is f a prime number?
False
Suppose 21*b - 67 + 25 = 0. Suppose 3*m - 1331 = -g, -4*m - 1451 = b*g - 4105. Is g a prime number?
True
Let f = -21 + 25. Suppose -f*k - 4*k = -40. Suppose 3*h - 1591 = -k*i + h, -3 = -h. Is i a prime number?
True
Let p = -10546 + 16857. Let l = -3630 + p. Is l composite?
True
Let r(a) = 15*a**3 - 11. Let v be r(-3). Let x(d) = 325*d - 2. Let t be x(5). Let m = t + v. Is m a prime number?
False
Let n(i) = -i**2 + 7*i - 2. Let k(h) = h**2 - 8*h + 4. Let q(f) = -k(f) - 2*n(f). Let g(w) = w + 7. Let v be g(0). Is q(v) composite?
False
Suppose -31730 = -i + 5*w + 31374, 0 = 2*i - 4*w - 126178. Is i a composite number?
False
Is ((-7)/(-6))/((-11119141)/1389894 - -8) a prime number?
False
Suppose 0 = 3*q + m - 354, -m = -0*q - 4*q + 465. Suppose -x - 478 = -4*b, -b + q = 4*x - 3*x. Suppose 5*t - b = 4*t. Is t prime?
False
Let m be (-1812902)/(-25) + 2/(-25). Suppose -62*y + 74*y = m. Is y a composite number?
False
Let f = -18 + 23. Suppose 2*j - 39 - f = 0. Let b = 128 - j. Is b composite?
True
Suppose p + 0*p + 4*l - 20 = 0, 5*p + 3*l - 15 = 0. Suppose -8*i + 5935 + 961 = p. Suppose -f + 357 = -i. Is f prime?
False
Let v be (-1)/(-9) + (-2 - (-7)/(-63)). Let r(n) = -2906*n + 6. Is r(v) a composite number?
True
Let w = -67 + 69. Let p be (-1)/w - 23374/4. Is p/(-15) + (-3)/5 a composite number?
False
Let y be 16 + -14 + (2 - 0). Suppose -3*t = y*m - 4321, -5*t - m = 644 - 7840. Is t a prime number?
True
Let l be (-717)/(-12)*(-29 - -1). Is (-4)/(-10) + l*7/(-35) composite?
True
Suppose -66*h + 4251264 + 582845 = -4814497. Is h a prime number?
True
Suppose -844680 = -25*b + 5*b. Suppose -7*z = -13*z + b. Is z composite?
False
Suppose 7*g - 3 = 67. Let w(u) = -6 - 14*u + 7 + 2*u**2 - 8 - g. Is w(13) prime?
True
Let j = -2878 + 19955. Is j composite?
False
Let l(m) = -2315*m - 899. Is l(-18) composite?
False
Let o(z) = -3*z**2 + 2 + 9*z**2 - 21 - 3*z. Let h be 10 - (-11 + -19)/(-2). Is o(h) a prime number?
False
Is (-77778)/(-16) + (-44)/352 composite?
False
Let r = -226 + 231. Suppose 0 = -d + 2*m + 1639, -2*d = -r*m + 919 - 4198. Is d a prime number?
True
Let t(d) = 857*d + 8671. Is t(32) a composite number?
True
Let l(a) be the first derivative of a**6/360 + 7*a**5/120 - 29*a**4/24 - 2*a**3 + 21. Let c(k) be the third derivative of l(k). Is c(-12) a composite number?
False
Suppose -80*x + 29175647 + 27566033 = 0. Is x composite?
False
Let u = -2979 + 3027. Suppose 5*n - 72 = 2*n - 3*z, 5*n = 2*z + 148. Is 8553/21 + -2 + u/n prime?
False
Suppose 2*p - 3376 + 204 = 4*t, 0 = 5*t - 3*p + 3963. Suppose n = -3*h - 3, 2*h + 58 = 4*n - 0*n. Is 28/13 - n/78 - t a composite number?
False
Suppose 0 = 9*o - 15136 - 34013. Is o a composite number?
True
Let z = 40 + 11. Let l = 4 + z. Suppose 4*g = 21 + l. Is g prime?
True
Suppose 52*v - 1764170 - 932385 = 4560201. Is v composite?
True
Suppose -17*h - 8*h = 9*h - 1584026. Is h prime?
True
Let s = 6751 + 23166. Is s composite?
False
Suppose -5*y = 4*i - 6038, 0*i - 2*i + 6034 = 5*y. Suppose 4*b - 2054 = y. Is b composite?
True
Suppose -24 = -24*w + 24. Is (-1)/((-2)/(-5779)*w/(-4)) composite?
False
Let j(n) = n**3 + 34*n**2 - 30*n + 81. Let i be j(22). Let o = i - 16660. Is o a composite number?
True
Suppose -3*w = 6, a + 13*w = 10*w - 2. Is 1/(a/(-29112)*-2) a composite number?
True
Let b be (4/2)/((-18)/(-36)). Suppose 5*r - 3098 = -3*v, -b*r + 36 = 32. Is v prime?
True
Let n(k) = 2*k + 36. Let u be n(0). Is 13269*(-2)/(5*u/(-30)) a prime number?
True
Let r = -79 - 148. Let w = r - 11. Is 7 - w/(-35) - 1974/(-5) a composite number?
True
Suppose -14*w + 30 = -96. Suppose -3*v - v = -4*u + 9752, -3*v + w = 0. Is u a prime number?
True
Suppose 0 = 8*n + 372 